ided by 515?
8
What is the remainder when 26474938 is divided by 62?
8
Calculate the remainder when 2908436 is divided by 2908413.
23
Calculate the remainder when 364314 is divided by 828.
822
Calculate the remainder when 905906 is divided by 8087.
162
What is the remainder when 75693 is divided by 12165?
2703
What is the remainder when 24516957 is divided by 4133?
1
What is the remainder when 5299859 is divided by 77934?
347
Calculate the remainder when 2479964 is divided by 63.
32
What is the remainder when 248139 is divided by 116?
15
What is the remainder when 220941 is divided by 73586?
183
What is the remainder when 8410783 is divided by 225?
58
Calculate the remainder when 144346 is divided by 77.
48
Calculate the remainder when 1137288 is divided by 75808.
168
Calculate the remainder when 1779077 is divided by 6446.
6427
Calculate the remainder when 2781023 is divided by 2587.
2585
What is the remainder when 881880 is divided by 262?
250
Calculate the remainder when 30657 is divided by 403.
29
Calculate the remainder when 17286782 is divided by 32990.
22
Calculate the remainder when 1678142 is divided by 324.
146
Calculate the remainder when 11974378 is divided by 330.
328
Calculate the remainder when 71798801 is divided by 28.
25
Calculate the remainder when 6434072 is divided by 198.
62
What is the remainder when 8903 is divided by 1116?
1091
What is the remainder when 14441586 is divided by 1507?
5
What is the remainder when 7496608 is divided by 120913?
2
What is the remainder when 7141530 is divided by 243?
3
What is the remainder when 17086 is divided by 891?
157
Calculate the remainder when 1309619 is divided by 8.
3
What is the remainder when 107034857 is divided by 1998?
1997
What is the remainder when 238623 is divided by 1755?
1698
What is the remainder when 5290904 is divided by 12?
8
Calculate the remainder when 156636141 is divided by 36.
33
What is the remainder when 374859 is divided by 100?
59
What is the remainder when 356985 is divided by 27431?
382
Calculate the remainder when 148314893 is divided by 147577.
8
What is the remainder when 13718 is divided by 1707?
62
Calculate the remainder when 11723 is divided by 5787.
149
Calculate the remainder when 816903 is divided by 323.
36
What is the remainder when 2619071 is divided by 1753?
89
Calculate the remainder when 59566140 is divided by 2481922.
12
Calculate the remainder when 411798 is divided by 205490.
818
Calculate the remainder when 947881898 is divided by 5.
3
Calculate the remainder when 62668 is divided by 8.
4
What is the remainder when 2761211 is divided by 355?
21
What is the remainder when 5724989 is divided by 1966?
1963
What is the remainder when 30457 is divided by 10003?
448
Calculate the remainder when 250470791 is divided by 37.
31
What is the remainder when 98959 is divided by 305?
139
What is the remainder when 81682 is divided by 619?
593
What is the remainder when 549836 is divided by 3845?
1
Calculate the remainder when 34331 is divided by 1397.
803
Calculate the remainder when 181809 is divided by 41.
15
Calculate the remainder when 64990219 is divided by 77.
63
Calculate the remainder when 1862228 is divided by 707.
697
Calculate the remainder when 2065248 is divided by 3289.
3045
Calculate the remainder when 2003802 is divided by 500754.
786
What is the remainder when 37273919 is divided by 15?
14
What is the remainder when 117728 is divided by 54867?
7994
Calculate the remainder when 110241 is divided by 867.
132
What is the remainder when 2361277 is divided by 14224?
93
What is the remainder when 8195713 is divided by 71?
41
What is the remainder when 2325795 is divided by 135?
15
What is the remainder when 1068825 is divided by 356271?
12
Calculate the remainder when 22254 is divided by 15827.
6427
Calculate the remainder when 579545 is divided by 23761.
9281
What is the remainder when 145401709 is divided by 74?
71
What is the remainder when 350436 is divided by 2825?
136
What is the remainder when 13038 is divided by 2606?
8
Calculate the remainder when 1387556 is divided by 138734.
216
What is the remainder when 639005 is divided by 212939?
188
What is the remainder when 7150468 is divided by 1430091?
13
What is the remainder when 12140445 is divided by 3035102?
37
What is the remainder when 2077076 is divided by 2074873?
2203
What is the remainder when 91478920 is divided by 7409?
7406
What is the remainder when 63593193 is divided by 40?
33
Calculate the remainder when 509053 is divided by 6782.
403
Calculate the remainder when 803782 is divided by 27716.
18
Calculate the remainder when 1970087243 is divided by 12.
11
What is the remainder when 9618210 is divided by 315?
0
Calculate the remainder when 1531212 is divided by 324.
312
What is the remainder when 494507 is divided by 290?
57
What is the remainder when 599821 is divided by 54341?
2070
What is the remainder when 98652 is divided by 10960?
12
Calculate the remainder when 38554730 is divided by 657.
656
Calculate the remainder when 425797 is divided by 359.
23
What is the remainder when 75127 is divided by 966?
745
Calculate the remainder when 8232036 is divided by 35.
1
What is the remainder when 14256492 is divided by 271?
266
What is the remainder when 682238 is divided by 2992?
62
What is the remainder when 6387029 is divided by 375707?
10
Calculate the remainder when 25113 is divided by 3570.
123
Calculate the remainder when 788427 is divided by 104.
3
What is the remainder when 25850813 is divided by 15?
8
What is the remainder when 118154 is divided by 500?
154
Calculate the remainder when 161339 is divided by 26827.
377
Calculate the remainder when 554841 is divided by 4170.
231
What is the remainder when 150333 is divided by 16702?
15
Calculate the remainder when 303132 is divided by 2305.
1177
What is the remainder when 1003156 is divided by 63?
7
Calculate the remainder when 87594 is divided by 1897.
332
Calculate the remainder when 226455 is divided by 28303.
31
Calculate the remainder when 4817453 is divided by 128.
45
What is the remainder when 2439149 is divided by 202?
201
What is the remainder when 5246737 is divided by 23012?
1
Calculate the remainder when 3011185 is divided by 21205.
75
Calculate the remainder when 50139130 is divided by 8356519.
16
What is the remainder when 915184 is divided by 43576?
88
Calculate the remainder when 22026161 is divided by 50.
11
What is the remainder when 1641943 is divided by 212?
3
What is the remainder when 1330483 is divided by 1118?
63
What is the remainder when 47396555 is divided by 879?
875
Calculate the remainder when 9996440 is divided by 1911.
1910
What is the remainder when 200934 is divided by 13033?
5439
What is the remainder when 950199 is divided by 2063?
1219
What is the remainder when 275871 is divided by 190?
181
What is the remainder when 2812457 is divided by 25111?
25
What is the remainder when 81571 is divided by 40431?
709
What is the remainder when 741129 is divided by 185275?
29
Calculate the remainder when 1672374 is divided by 58.
2
What is the remainder when 602566 is divided by 5235?
541
Calculate the remainder when 21850678 is divided by 31.
18
Calculate the remainder when 1399846 is divided by 105.
91
Calculate the remainder when 15565148 is divided by 83.
75
Calculate the remainder when 65263 is divided by 65214.
49
Calculate the remainder when 4103714 is divided by 285.
284
Calculate the remainder when 68701 is divided by 1978.
1449
Calculate the remainder when 367701 is divided by 1977.
1956
Calculate the remainder when 6238419 is divided by 4959.
4956
Calculate the remainder when 487775 is divided by 1507.
1014
Calculate the remainder when 672379 is divided by 134280.
979
What is the remainder when 160371 is divided by 53456?
3
Calculate the remainder when 6345967 is divided by 105766.
7
Calculate the remainder when 881831 is divided by 41933.
1238
Calculate the remainder when 213267976 is divided by 139.
137
What is the remainder when 146983 is divided by 48835?
478
What is the remainder when 1136983 is divided by 747?
49
Calculate the remainder when 216615 is divided by 2007.
1866
What is the remainder when 1147892 is divided by 2447?
249
What is the remainder when 13455477 is 